{"id":457,"date":"2024-01-25T20:06:19","date_gmt":"2024-01-25T20:06:19","guid":{"rendered":"http:\/\/ajlsantiago.gal\/?page_id=457"},"modified":"2024-06-07T19:52:33","modified_gmt":"2024-06-07T18:52:33","slug":"localizacion-es","status":"publish","type":"page","link":"https:\/\/ilg.usc.gal\/ajlsantiago\/es\/localizacion-es","title":{"rendered":"Localizaci\u00f3n"},"content":{"rendered":"\n<p> <div class=\"wp-block-column is-vertically-aligned-center\" style=\"flex-basis:66.66%\"> <figure><iframe src=\"https:\/\/www.google.com\/maps\/embed?pb=!1m18!1m12!1m3!1d2923.1284966081625!2d-8.54765762438497!3d42.89123560137905!2m3!1f0!2f0!3f0!3m2!1i1024!2i768!4f13.1!3m3!1m2!1s0xd2efe5ece5f2725%3A0xd1d25646efcac971!2sFacultad%20de%20Filolog%C3%ADa%20(USC)!5e0!3m2!1ses!2ses!4v1706212844903!5m2!1ses!2ses\" width=\"600\" height=\"450\" allowfullscreen=\"\" loading=\"lazy\" referrerpolicy=\"no-referrer-when-downgrade\"><\/iframe> <\/figure><\/div> <\/p>\n\n\n\n<div class=\"wp-block-group is-vertical is-layout-flex wp-container-core-group-is-layout-8cf370e7 wp-block-group-is-layout-flex\">\n<p><strong>Facultade de Filolox\u00eda da Universidade de Santiago de Compostela <\/strong><\/p>\n\n\n\n<p>Campus Norte, Av. de Castelao, s\/n, 15705 Santiago de Compostela, A Coru\u00f1a<\/p>\n<\/div>\n\n\n\n<div style=\"height:68px\" aria-hidden=\"true\" class=\"wp-block-spacer\"><\/div>\n\n\n\n<h2 class=\"wp-block-heading has-neve-link-color-color has-text-color has-link-color wp-elements-c63b894bc7816639854cac0f4216ba1a\">C\u00f3mo llegar a Santiago de Compostela y a la facultad <\/h2>\n\n\n\n<p>Santiago de Compostela es una ciudad a la que se puede llegar en tren, en avi\u00f3n, en autob\u00fas o en transporte privado.<\/p>\n\n\n\n<ul class=\"wp-block-list\">\n<li>Las personas que utilicen el avi\u00f3n como transporte llegar\u00e1n al aeropuerto Rosal\u00eda de Castro, que est\u00e1 conectado con el centro de la ciudad por autob\u00fas urbano (el precio es 1\u20ac) y taxi (la tarifa estipulada hasta el centro de Santiago es de 23\u20ac).<\/li>\n<\/ul>\n\n\n\n<ul class=\"wp-block-list\">\n<li>Las personas que lleguen en tren o en autob\u00fas llegar\u00e1n a la Estaci\u00f3n Intermodal. La estaci\u00f3n est\u00e1 pr\u00f3xima al centro de la ciudad, pero se encuentra a unos 35 minutos a pie de la facultad. En la estaci\u00f3n es posible tomar taxis y tambi\u00e9n hay paradas de autob\u00fas cercanas. Se pueden consultar los horarios de los autobuses urbanos en <a href=\"https:\/\/tussa.org\/web\/transporte.php?lg=cas\">Tussa<\/a>, pero recomendamos el uso de aplicaciones como Moovit o Maisbus.\u00a0<\/li>\n<\/ul>\n\n\n\n<ul class=\"wp-block-list\">\n<li>Compostela es una ciudad peque\u00f1a en la que es posible moverse a pie sin necesidad de utilizar transporte p\u00fablico siempre y cuando el clima lo permita. Sin embargo, para las personas que lo necesiten, recomendamos las l\u00edneas de autob\u00fas urbano 5 y 15 que conectan el Campus Norte (en el que se encuentra nuestra facultad) con el resto de la ciudad.<\/li>\n<\/ul>\n\n\n\n<ul class=\"wp-block-list\">\n<li>Para las personas que decidan utilizar su veh\u00edculo privado, tanto en la Facultad de Filolog\u00eda como en las inmediaciones del edificio es posible encontrar estacionamiento gratis.<\/li>\n<\/ul>\n\n\n\n<div style=\"height:46px\" aria-hidden=\"true\" class=\"wp-block-spacer\"><\/div>\n\n\n\n<h2 class=\"wp-block-heading has-neve-link-color-color has-text-color has-link-color wp-elements-ff7184cedb5ab0b580b0e61b9ccbe6dd\">Sede y espacios <\/h2>\n\n\n\n<p>La Facultade de Filolox\u00eda consta de un \u00fanico edificio dividido en tres m\u00f3dulos. En la planta baja, en el m\u00f3dulo central, se encuentran la biblioteca, la cafeter\u00eda y un \u00e1rea de descanso con asientos y m\u00e1quinas expendedoras de bebidas. Tambi\u00e9n se accede desde esta planta al sal\u00f3n de grados y al sal\u00f3n de actos, donde tendr\u00e1n lugar algunas de las sesiones del congreso. El resto de sesiones se celebrar\u00e1n en aulas del m\u00f3dulo sur, a las que se puede acceder tanto mediante escaleras o por ascensor.<\/p>\n\n\n<div class=\"wp-block-image\">\n<figure class=\"aligncenter size-large\"><img loading=\"lazy\" decoding=\"async\" width=\"1024\" height=\"576\" src=\"https:\/\/ajlsantiago.gal\/wp-content\/uploads\/2024\/06\/espazos-1-1024x576.png\" alt=\"\" class=\"wp-image-666\" srcset=\"https:\/\/ilg.usc.gal\/ajlsantiago\/wp-content\/uploads\/2024\/06\/espazos-1-1024x576.png 1024w, https:\/\/ilg.usc.gal\/ajlsantiago\/wp-content\/uploads\/2024\/06\/espazos-1-300x169.png 300w, https:\/\/ilg.usc.gal\/ajlsantiago\/wp-content\/uploads\/2024\/06\/espazos-1-768x432.png 768w, https:\/\/ilg.usc.gal\/ajlsantiago\/wp-content\/uploads\/2024\/06\/espazos-1-1536x864.png 1536w, https:\/\/ilg.usc.gal\/ajlsantiago\/wp-content\/uploads\/2024\/06\/espazos-1.png 1920w\" sizes=\"auto, (max-width: 1024px) 100vw, 1024px\" \/><\/figure>\n<\/div>\n\n\n<div style=\"height:100px\" aria-hidden=\"true\" class=\"wp-block-spacer\"><\/div>\n","protected":false},"excerpt":{"rendered":"<p>Facultade de Filolox\u00eda da Universidade de Santiago de Compostela Campus Norte, Av. de Castelao, s\/n, 15705 Santiago de Compostela, A Coru\u00f1a C\u00f3mo llegar a Santiago de Compostela y a la facultad Santiago de Compostela es una ciudad a la que se puede llegar en tren, en avi\u00f3n, en autob\u00fas o en transporte privado. Sede y&hellip;&nbsp;<a href=\"https:\/\/ilg.usc.gal\/ajlsantiago\/es\/localizacion-es\" rel=\"bookmark\">Ler m\u00e1is &raquo;<span class=\"screen-reader-text\">Localizaci\u00f3n<\/span><\/a><\/p>\n","protected":false},"author":1,"featured_media":0,"parent":0,"menu_order":0,"comment_status":"closed","ping_status":"closed","template":"","meta":{"neve_meta_sidebar":"","neve_meta_container":"","neve_meta_enable_content_width":"","neve_meta_content_width":0,"neve_meta_title_alignment":"","neve_meta_author_avatar":"","neve_post_elements_order":"","neve_meta_disable_header":"","neve_meta_disable_footer":"","neve_meta_disable_title":"","footnotes":""},"class_list":["post-457","page","type-page","status-publish","hentry"],"_links":{"self":[{"href":"https:\/\/ilg.usc.gal\/ajlsantiago\/wp-json\/wp\/v2\/pages\/457","targetHints":{"allow":["GET"]}}],"collection":[{"href":"https:\/\/ilg.usc.gal\/ajlsantiago\/wp-json\/wp\/v2\/pages"}],"about":[{"href":"https:\/\/ilg.usc.gal\/ajlsantiago\/wp-json\/wp\/v2\/types\/page"}],"author":[{"embeddable":true,"href":"https:\/\/ilg.usc.gal\/ajlsantiago\/wp-json\/wp\/v2\/users\/1"}],"replies":[{"embeddable":true,"href":"https:\/\/ilg.usc.gal\/ajlsantiago\/wp-json\/wp\/v2\/comments?post=457"}],"version-history":[{"count":4,"href":"https:\/\/ilg.usc.gal\/ajlsantiago\/wp-json\/wp\/v2\/pages\/457\/revisions"}],"predecessor-version":[{"id":670,"href":"https:\/\/ilg.usc.gal\/ajlsantiago\/wp-json\/wp\/v2\/pages\/457\/revisions\/670"}],"wp:attachment":[{"href":"https:\/\/ilg.usc.gal\/ajlsantiago\/wp-json\/wp\/v2\/media?parent=457"}],"curies":[{"name":"wp","href":"https:\/\/api.w.org\/{rel}","templated":true}]}}