{"id":680,"date":"2024-06-10T12:15:30","date_gmt":"2024-06-10T11:15:30","guid":{"rendered":"https:\/\/ajlsantiago.gal\/?page_id=680"},"modified":"2024-07-22T11:44:19","modified_gmt":"2024-07-22T10:44:19","slug":"inscripcion","status":"publish","type":"page","link":"https:\/\/ilg.usc.gal\/ajlsantiago\/es\/inscripcion","title":{"rendered":"Inscripci\u00f3n para comunicantes (cerrada)"},"content":{"rendered":"\n<p>Entre el 12 de junio y el 12 de julio de 2024 estar\u00e1 abierta la inscripci\u00f3n para comunicantes en el XXXVIII Congreso Internacional de la Asociaci\u00f3n de J\u00f3venes Ling\u00fcistas. Las personas que hayan recibido un correo con la aceptaci\u00f3n de su propuesta deber\u00e1n inscribirse a trav\u00e9s del siguiente <a href=\"https:\/\/forms.office.com\/e\/N11gWNByw4\">formulario<\/a>. La cuota de inscripci\u00f3n es de 50\u20ac (45\u20ac de tasa del congreso + 5\u20ac destinados al pago de la cuota de socias de la AJL). Si un\/a autor\/a aparece en dos comunicaciones distintas, solo tendr\u00e1 que pagar la cuota una vez. El pago deber\u00e1 realizarse por transferencia bancaria con los siguientes datos:<\/p>\n\n\n\n<ul class=\"wp-block-list\">\n<li>IBAN: ES71 0073 0100 5205 0586 9896<\/li>\n\n\n\n<li>Beneficiario: Asociaci\u00f3n de J\u00f3venes Ling\u00fcistas<\/li>\n\n\n\n<li>Asunto: AJL24 + Nombre + Apellido<\/li>\n<\/ul>\n\n\n\n<p>Es importante recordar que la inscrici\u00f3n solo estar\u00e1 formalizada cuando se haya enviado el justificante de pago por correo electr\u00f3nico a <a href=\"mailto:ajl.santiago@usc.gal\">ajl.santiago@usc.gal<\/a>.<\/p>\n\n\n\n<h4 class=\"wp-block-heading\">Ayudas para participaci\u00f3n (cerrada)<\/h4>\n\n\n\n<p>Os recordamos que la AJL ofrece ayudas econ\u00f3micas tanto de tipo completo, incluyendo la inscripci\u00f3n, el transporte y el alojamiento, como de tipo parcial, solo para la inscripci\u00f3n. Toda la informaci\u00f3n y el formulario en cuesti\u00f3n est\u00e1n disponibles en la <a href=\"https:\/\/asociacionjoveneslinguistas.org\/ayudas-economicas\/.\">p\u00e1gina web oficial<\/a> de la AJL.<\/p>\n\n\n\n<h4 class=\"wp-block-heading\">Devoluci\u00f3n del importe de la inscripci\u00f3n para comunicantes<\/h4>\n\n\n\n<p>A partir del d\u00eda 19 de julio el Comit\u00e9 organizador <strong>no devolver\u00e1<\/strong> el importe de la inscripci\u00f3n excepto con motivo justificado o por causa de fuerza mayor. En estos supuestos quedar\u00e1 a decisi\u00f3n del Comit\u00e9 realizar dicha devoluci\u00f3n.<\/p>\n","protected":false},"excerpt":{"rendered":"<p>Entre el 12 de junio y el 12 de julio de 2024 estar\u00e1 abierta la inscripci\u00f3n para comunicantes en el XXXVIII Congreso Internacional de la Asociaci\u00f3n de J\u00f3venes Ling\u00fcistas. Las personas que hayan recibido un correo con la aceptaci\u00f3n de su propuesta deber\u00e1n inscribirse a trav\u00e9s del siguiente formulario. La cuota de inscripci\u00f3n es de&hellip;&nbsp;<a href=\"https:\/\/ilg.usc.gal\/ajlsantiago\/es\/inscripcion\" rel=\"bookmark\">Ler m\u00e1is &raquo;<span class=\"screen-reader-text\">Inscripci\u00f3n para comunicantes (cerrada)<\/span><\/a><\/p>\n","protected":false},"author":1,"featured_media":0,"parent":0,"menu_order":0,"comment_status":"closed","ping_status":"closed","template":"","meta":{"neve_meta_sidebar":"","neve_meta_container":"","neve_meta_enable_content_width":"","neve_meta_content_width":0,"neve_meta_title_alignment":"","neve_meta_author_avatar":"","neve_post_elements_order":"","neve_meta_disable_header":"","neve_meta_disable_footer":"","neve_meta_disable_title":"","footnotes":""},"class_list":["post-680","page","type-page","status-publish","hentry"],"_links":{"self":[{"href":"https:\/\/ilg.usc.gal\/ajlsantiago\/wp-json\/wp\/v2\/pages\/680","targetHints":{"allow":["GET"]}}],"collection":[{"href":"https:\/\/ilg.usc.gal\/ajlsantiago\/wp-json\/wp\/v2\/pages"}],"about":[{"href":"https:\/\/ilg.usc.gal\/ajlsantiago\/wp-json\/wp\/v2\/types\/page"}],"author":[{"embeddable":true,"href":"https:\/\/ilg.usc.gal\/ajlsantiago\/wp-json\/wp\/v2\/users\/1"}],"replies":[{"embeddable":true,"href":"https:\/\/ilg.usc.gal\/ajlsantiago\/wp-json\/wp\/v2\/comments?post=680"}],"version-history":[{"count":22,"href":"https:\/\/ilg.usc.gal\/ajlsantiago\/wp-json\/wp\/v2\/pages\/680\/revisions"}],"predecessor-version":[{"id":834,"href":"https:\/\/ilg.usc.gal\/ajlsantiago\/wp-json\/wp\/v2\/pages\/680\/revisions\/834"}],"wp:attachment":[{"href":"https:\/\/ilg.usc.gal\/ajlsantiago\/wp-json\/wp\/v2\/media?parent=680"}],"curies":[{"name":"wp","href":"https:\/\/api.w.org\/{rel}","templated":true}]}}