{"id":105,"date":"2025-10-15T12:34:53","date_gmt":"2025-10-15T10:34:53","guid":{"rendered":"https:\/\/ilg.usc.gal\/cids2026\/?page_id=105"},"modified":"2026-03-16T19:12:32","modified_gmt":"2026-03-16T18:12:32","slug":"envio-e-registo","status":"publish","type":"page","link":"https:\/\/ilg.usc.gal\/cids2026\/pt\/envio-e-registo\/","title":{"rendered":"Inscri\u00e7\u00e3o"},"content":{"rendered":"\n<h4 class=\"wp-block-heading has-text-color has-link-color wp-elements-93c28b2e922a2d870ba930ab61d19032\" style=\"color:#8a4358\"><strong>Modalidades de participa\u00e7\u00e3o<\/strong><\/h4>\n\n\n\n<ul class=\"wp-block-list\">\n<li><strong><span style=\"color:#8a4358;\">Comunica\u00e7\u00f5es <\/span><\/strong>(20\u2019 + 10\u2019). Ser\u00e3o aceitas no m\u00e1ximo duas propostas por pessoa, sejam elas individuais ou em coautoria.<\/li>\n\n\n\n<li><strong><span style=\"color:#8a4358;\">Pain\u00e9is: <\/span><\/strong>entre 3 e 4 comunica\u00e7\u00f5es coordenadas. Trata-se de um bloco de comunica\u00e7\u00f5es (20\u2019 + 10\u2019 cada uma), apresentadas sob a coordena\u00e7\u00e3o expressa de uma ou duas das pessoas participantes, em que se aborda o estudo de uma quest\u00e3o relacionada com as linhas tem\u00e1ticas desde perspetivas complementares.<\/li>\n\n\n\n<li><strong><span style=\"color:#8a4358;\">P\u00f4steres <\/span><\/strong>(com defesa presencial) relacionados com as linhas tem\u00e1ticas do congresso.<\/li>\n<\/ul>\n\n\n\n<p><\/p>\n\n\n\n<h4 class=\"wp-block-heading\"><span style=\"color:#8a4358;\">Inscri\u00e7\u00e3o e pagamento<\/span><\/h4>\n\n\n\n<p>O prazo para se inscrever encontra-se aberto at\u00e9 <strong><span style=\"color:#8a4358;\">31 de maio de 2026<\/span><\/strong>. A inscri\u00e7\u00e3o e o pagamento devem ser realizados atrav\u00e9s do seguinte link:<\/p>\n\n\n\n<p class=\"has-text-align-center\"><a href=\"https:\/\/usc.teventos.com\/cids26\/gl\/mods\/formulario-de-inscricion\"><span style=\"color:#8a4358;\"><strong>FORMUL\u00c1RIO DE INSCRI\u00c7\u00c3O E PAGAMENTO<\/strong><\/span><\/a><\/p>\n\n\n\n<p>As taxas de inscri\u00e7\u00e3o s\u00e3o indicadas a seguir. No caso de trabalhos apresentados em <strong><strong><span style=\"color:#8a4358;\">coautoria<\/span><\/strong><\/strong>, cada coautor(a) deve se inscrever e pagar as taxas correspondentes para que possamos certificar sua participa\u00e7\u00e3o.<\/p>\n\n\n\n<figure class=\"wp-block-table\"><table class=\"has-black-color has-white-background-color has-text-color has-background has-link-color has-fixed-layout\"><tbody><tr><td><strong><span style=\"color:#8a4358;\">Participantes<\/span><\/strong><\/td><td><strong><span style=\"color:#8a4358;\">At\u00e9 31 de maio<\/span><\/strong><\/td><\/tr><tr><td><strong><span style=\"color:#8a4358;\">Taxa comunica\u00e7\u00e3o\/painel<\/span><\/strong><\/td><td>120 \u20ac<\/td><\/tr><tr><td><strong><span style=\"color:#8a4358;\">Taxa p\u00f4ster<\/span><\/strong><\/td><td>90 \u20ac<\/td><\/tr><tr><td><strong><span style=\"color:#8a4358;\">Taxa de estudantes<sup>1<\/sup><\/span><\/strong><\/td><td>60 \u20ac<\/td><\/tr><\/tbody><\/table><\/figure>\n\n\n\n<figure class=\"wp-block-table\"><table class=\"has-black-color has-text-color has-link-color has-fixed-layout\"><tbody><tr><td><strong><span style=\"color:#8a4358;\">Assistentes sem comunica\u00e7\u00e3o<sup>2<\/sup><\/span><\/strong><\/td><td><strong><span style=\"color:#8a4358;\">At\u00e9 31 de maio<\/span><\/strong><\/td><\/tr><tr><td><strong><span style=\"color:#8a4358;\">Taxa assist\u00eancia<\/span><\/strong><\/td><td>60 \u20ac<\/td><\/tr><tr><td><strong><span style=\"color:#8a4358;\">Taxa assist\u00eancia de estudantes<strong><sup>1<\/sup><\/strong><\/span><\/strong><\/td><td>30 \u20ac<\/td><\/tr><\/tbody><\/table><\/figure>\n\n\n\n<p><\/p>\n","protected":false},"excerpt":{"rendered":"<p>Modalidades de participa\u00e7\u00e3o Inscri\u00e7\u00e3o e pagamento O prazo para se inscrever encontra-se aberto at\u00e9 31 de maio de 2026. A inscri\u00e7\u00e3o e o pagamento devem ser realizados atrav\u00e9s do seguinte link: FORMUL\u00c1RIO DE INSCRI\u00c7\u00c3O E PAGAMENTO As taxas de inscri\u00e7\u00e3o s\u00e3o indicadas a seguir. No caso de trabalhos apresentados em coautoria, cada coautor(a) deve se &hellip; <\/p>\n","protected":false},"author":1,"featured_media":0,"parent":0,"menu_order":0,"comment_status":"closed","ping_status":"closed","template":"","meta":{"footnotes":""},"class_list":["post-105","page","type-page","status-publish","hentry"],"yoast_head":"<!-- This site is optimized with the Yoast SEO plugin v27.4 - https:\/\/yoast.com\/product\/yoast-seo-wordpress\/ -->\n<title>Inscri\u00e7\u00e3o - VIII CIDS 2026<\/title>\n<meta name=\"robots\" content=\"index, follow, max-snippet:-1, max-image-preview:large, max-video-preview:-1\" \/>\n<link rel=\"canonical\" href=\"https:\/\/ilg.usc.gal\/cids2026\/pt\/envio-e-registo\/\" \/>\n<meta property=\"og:locale\" content=\"gl_ES\" \/>\n<meta property=\"og:type\" content=\"article\" \/>\n<meta property=\"og:title\" content=\"Inscri\u00e7\u00e3o - VIII CIDS 2026\" \/>\n<meta property=\"og:description\" content=\"Modalidades de participa\u00e7\u00e3o Inscri\u00e7\u00e3o e pagamento O prazo para se inscrever encontra-se aberto at\u00e9 31 de maio de 2026. A inscri\u00e7\u00e3o e o pagamento devem ser realizados atrav\u00e9s do seguinte link: FORMUL\u00c1RIO DE INSCRI\u00c7\u00c3O E PAGAMENTO As taxas de inscri\u00e7\u00e3o s\u00e3o indicadas a seguir. No caso de trabalhos apresentados em coautoria, cada coautor(a) deve se &hellip;\" \/>\n<meta property=\"og:url\" content=\"https:\/\/ilg.usc.gal\/cids2026\/pt\/envio-e-registo\/\" \/>\n<meta property=\"og:site_name\" content=\"VIII CIDS 2026\" \/>\n<meta property=\"article:modified_time\" content=\"2026-03-16T18:12:32+00:00\" \/>\n<meta name=\"twitter:card\" content=\"summary_large_image\" \/>\n<meta name=\"twitter:label1\" content=\"Tempo de lectura\" \/>\n\t<meta name=\"twitter:data1\" content=\"2 minutos\" \/>\n<script type=\"application\/ld+json\" class=\"yoast-schema-graph\">{\"@context\":\"https:\\\/\\\/schema.org\",\"@graph\":[{\"@type\":\"WebPage\",\"@id\":\"https:\\\/\\\/ilg.usc.gal\\\/cids2026\\\/pt\\\/envio-e-registo\\\/\",\"url\":\"https:\\\/\\\/ilg.usc.gal\\\/cids2026\\\/pt\\\/envio-e-registo\\\/\",\"name\":\"Inscri\u00e7\u00e3o - VIII CIDS 2026\",\"isPartOf\":{\"@id\":\"https:\\\/\\\/ilg.usc.gal\\\/cids2026\\\/#website\"},\"datePublished\":\"2025-10-15T10:34:53+00:00\",\"dateModified\":\"2026-03-16T18:12:32+00:00\",\"breadcrumb\":{\"@id\":\"https:\\\/\\\/ilg.usc.gal\\\/cids2026\\\/pt\\\/envio-e-registo\\\/#breadcrumb\"},\"inLanguage\":\"gl-ES\",\"potentialAction\":[{\"@type\":\"ReadAction\",\"target\":[\"https:\\\/\\\/ilg.usc.gal\\\/cids2026\\\/pt\\\/envio-e-registo\\\/\"]}]},{\"@type\":\"BreadcrumbList\",\"@id\":\"https:\\\/\\\/ilg.usc.gal\\\/cids2026\\\/pt\\\/envio-e-registo\\\/#breadcrumb\",\"itemListElement\":[{\"@type\":\"ListItem\",\"position\":1,\"name\":\"Inicio\",\"item\":\"https:\\\/\\\/ilg.usc.gal\\\/cids2026\\\/\"},{\"@type\":\"ListItem\",\"position\":2,\"name\":\"Inscri\u00e7\u00e3o\"}]},{\"@type\":\"WebSite\",\"@id\":\"https:\\\/\\\/ilg.usc.gal\\\/cids2026\\\/#website\",\"url\":\"https:\\\/\\\/ilg.usc.gal\\\/cids2026\\\/\",\"name\":\"VIII CIDS 2026\",\"description\":\"VIII Congreso Internacional de Dialectolox\u00eda e Socioling\u00fc\u00edstica. Cartograf\u00edas da lingua: variaci\u00f3n, contacto e planificaci\u00f3n\",\"publisher\":{\"@id\":\"https:\\\/\\\/ilg.usc.gal\\\/cids2026\\\/#organization\"},\"potentialAction\":[{\"@type\":\"SearchAction\",\"target\":{\"@type\":\"EntryPoint\",\"urlTemplate\":\"https:\\\/\\\/ilg.usc.gal\\\/cids2026\\\/?s={search_term_string}\"},\"query-input\":{\"@type\":\"PropertyValueSpecification\",\"valueRequired\":true,\"valueName\":\"search_term_string\"}}],\"inLanguage\":\"gl-ES\"},{\"@type\":\"Organization\",\"@id\":\"https:\\\/\\\/ilg.usc.gal\\\/cids2026\\\/#organization\",\"name\":\"VIII CIDS 2026\",\"url\":\"https:\\\/\\\/ilg.usc.gal\\\/cids2026\\\/\",\"logo\":{\"@type\":\"ImageObject\",\"inLanguage\":\"gl-ES\",\"@id\":\"https:\\\/\\\/ilg.usc.gal\\\/cids2026\\\/#\\\/schema\\\/logo\\\/image\\\/\",\"url\":\"https:\\\/\\\/ilg.usc.gal\\\/cids2026\\\/wp-content\\\/uploads\\\/2025\\\/10\\\/CIDS2026.png\",\"contentUrl\":\"https:\\\/\\\/ilg.usc.gal\\\/cids2026\\\/wp-content\\\/uploads\\\/2025\\\/10\\\/CIDS2026.png\",\"width\":681,\"height\":100,\"caption\":\"VIII CIDS 2026\"},\"image\":{\"@id\":\"https:\\\/\\\/ilg.usc.gal\\\/cids2026\\\/#\\\/schema\\\/logo\\\/image\\\/\"}}]}<\/script>\n<!-- \/ Yoast SEO plugin. -->","yoast_head_json":{"title":"Inscri\u00e7\u00e3o - VIII CIDS 2026","robots":{"index":"index","follow":"follow","max-snippet":"max-snippet:-1","max-image-preview":"max-image-preview:large","max-video-preview":"max-video-preview:-1"},"canonical":"https:\/\/ilg.usc.gal\/cids2026\/pt\/envio-e-registo\/","og_locale":"gl_ES","og_type":"article","og_title":"Inscri\u00e7\u00e3o - VIII CIDS 2026","og_description":"Modalidades de participa\u00e7\u00e3o Inscri\u00e7\u00e3o e pagamento O prazo para se inscrever encontra-se aberto at\u00e9 31 de maio de 2026. A inscri\u00e7\u00e3o e o pagamento devem ser realizados atrav\u00e9s do seguinte link: FORMUL\u00c1RIO DE INSCRI\u00c7\u00c3O E PAGAMENTO As taxas de inscri\u00e7\u00e3o s\u00e3o indicadas a seguir. No caso de trabalhos apresentados em coautoria, cada coautor(a) deve se &hellip;","og_url":"https:\/\/ilg.usc.gal\/cids2026\/pt\/envio-e-registo\/","og_site_name":"VIII CIDS 2026","article_modified_time":"2026-03-16T18:12:32+00:00","twitter_card":"summary_large_image","twitter_misc":{"Tempo de lectura":"2 minutos"},"schema":{"@context":"https:\/\/schema.org","@graph":[{"@type":"WebPage","@id":"https:\/\/ilg.usc.gal\/cids2026\/pt\/envio-e-registo\/","url":"https:\/\/ilg.usc.gal\/cids2026\/pt\/envio-e-registo\/","name":"Inscri\u00e7\u00e3o - VIII CIDS 2026","isPartOf":{"@id":"https:\/\/ilg.usc.gal\/cids2026\/#website"},"datePublished":"2025-10-15T10:34:53+00:00","dateModified":"2026-03-16T18:12:32+00:00","breadcrumb":{"@id":"https:\/\/ilg.usc.gal\/cids2026\/pt\/envio-e-registo\/#breadcrumb"},"inLanguage":"gl-ES","potentialAction":[{"@type":"ReadAction","target":["https:\/\/ilg.usc.gal\/cids2026\/pt\/envio-e-registo\/"]}]},{"@type":"BreadcrumbList","@id":"https:\/\/ilg.usc.gal\/cids2026\/pt\/envio-e-registo\/#breadcrumb","itemListElement":[{"@type":"ListItem","position":1,"name":"Inicio","item":"https:\/\/ilg.usc.gal\/cids2026\/"},{"@type":"ListItem","position":2,"name":"Inscri\u00e7\u00e3o"}]},{"@type":"WebSite","@id":"https:\/\/ilg.usc.gal\/cids2026\/#website","url":"https:\/\/ilg.usc.gal\/cids2026\/","name":"VIII CIDS 2026","description":"VIII Congreso Internacional de Dialectolox\u00eda e Socioling\u00fc\u00edstica. Cartograf\u00edas da lingua: variaci\u00f3n, contacto e planificaci\u00f3n","publisher":{"@id":"https:\/\/ilg.usc.gal\/cids2026\/#organization"},"potentialAction":[{"@type":"SearchAction","target":{"@type":"EntryPoint","urlTemplate":"https:\/\/ilg.usc.gal\/cids2026\/?s={search_term_string}"},"query-input":{"@type":"PropertyValueSpecification","valueRequired":true,"valueName":"search_term_string"}}],"inLanguage":"gl-ES"},{"@type":"Organization","@id":"https:\/\/ilg.usc.gal\/cids2026\/#organization","name":"VIII CIDS 2026","url":"https:\/\/ilg.usc.gal\/cids2026\/","logo":{"@type":"ImageObject","inLanguage":"gl-ES","@id":"https:\/\/ilg.usc.gal\/cids2026\/#\/schema\/logo\/image\/","url":"https:\/\/ilg.usc.gal\/cids2026\/wp-content\/uploads\/2025\/10\/CIDS2026.png","contentUrl":"https:\/\/ilg.usc.gal\/cids2026\/wp-content\/uploads\/2025\/10\/CIDS2026.png","width":681,"height":100,"caption":"VIII CIDS 2026"},"image":{"@id":"https:\/\/ilg.usc.gal\/cids2026\/#\/schema\/logo\/image\/"}}]}},"_links":{"self":[{"href":"https:\/\/ilg.usc.gal\/cids2026\/wp-json\/wp\/v2\/pages\/105","targetHints":{"allow":["GET"]}}],"collection":[{"href":"https:\/\/ilg.usc.gal\/cids2026\/wp-json\/wp\/v2\/pages"}],"about":[{"href":"https:\/\/ilg.usc.gal\/cids2026\/wp-json\/wp\/v2\/types\/page"}],"author":[{"embeddable":true,"href":"https:\/\/ilg.usc.gal\/cids2026\/wp-json\/wp\/v2\/users\/1"}],"replies":[{"embeddable":true,"href":"https:\/\/ilg.usc.gal\/cids2026\/wp-json\/wp\/v2\/comments?post=105"}],"version-history":[{"count":24,"href":"https:\/\/ilg.usc.gal\/cids2026\/wp-json\/wp\/v2\/pages\/105\/revisions"}],"predecessor-version":[{"id":624,"href":"https:\/\/ilg.usc.gal\/cids2026\/wp-json\/wp\/v2\/pages\/105\/revisions\/624"}],"wp:attachment":[{"href":"https:\/\/ilg.usc.gal\/cids2026\/wp-json\/wp\/v2\/media?parent=105"}],"curies":[{"name":"wp","href":"https:\/\/api.w.org\/{rel}","templated":true}]}}