{"id":2,"date":"2017-11-14T11:46:50","date_gmt":"2017-11-14T11:46:50","guid":{"rendered":"http:\/\/172.24.96.12\/PaLeGa\/?page_id=2"},"modified":"2022-08-08T16:11:38","modified_gmt":"2022-08-08T14:11:38","slug":"paxina-exemplo","status":"publish","type":"page","link":"https:\/\/ilg.usc.gal\/palega\/","title":{"rendered":""},"content":{"rendered":"<div class=\"entry-content\">\n<h3>O programa <em>Lingua, patrimonio e co\u00f1ecemento tradicional<\/em> \u00e9 unha acci\u00f3n do plan <a href=\"http:\/\/www.edu.xunta.gal\/portal\/planproxecta\">Proxecta<\/a>, promovido pola Conseller\u00eda de Cultura, Educaci\u00f3n e Ordenaci\u00f3n Universitaria da Xunta de Galicia. Ese programa est\u00e1 integrado no proxecto <a href=\"https:\/\/amtega.xunta.gal\/proxectos-europeos\/proxecto-geoarpad\">GEOARPAD<\/a>, enmarcado no programa operativo EP-INTERREG V A Espa\u00f1a-Portugal (<a href=\"http:\/\/www.poctep.eu\/pt-pt\">POCTEP<\/a>). Este proxecto transfronteirizo ten como finalidade fundamental o co\u00f1ecemento e valorizaci\u00f3n do patrimonio cultural da Eurorrexi\u00f3n Galicia \u2013 Norte de Portugal.<\/h3>\n<h3>A intenci\u00f3n do programa <em>Lingua, patrimonio e co\u00f1ecemento tradicional<\/em> \u00e9 achegar o alumnado dos centros participantes ao co\u00f1ecemento da cultura local e tradicional, xa que pola s\u00faa idade acostuma a mostrar menos interese ou a ter menos contacto con ela. A finalidade desta acci\u00f3n \u00e9 promover a documentaci\u00f3n e an\u00e1lise dun corpus de material l\u00e9xico vinculado con actividades da cultura patrimonial.<\/h3>\n<\/div>\n<div class=\"entry-content\">\n<p style=\"text-align: justify;\">Este blog \u00e9 cofinanciado polo Fondo Europeo de Desenvolvemento Rexional FEDER a trav\u00e9s do Programa Interreg V A Espa\u00f1a-Portugal (POCTEP) 2014-2020. As opini\u00f3ns son de exclusiva responsabilidade do autor ou autora que as emite.<\/p>\n<\/div>\n<p><a href=\"https:\/\/ilg.usc.gal\/PaLeGa\/wp-content\/uploads\/2019\/04\/Espana-Portugal_PT_FUND_RGB.jpg\"><img loading=\"lazy\" decoding=\"async\" class=\"alignnone size-medium wp-image-659\" src=\"https:\/\/ilg.usc.gal\/PaLeGa\/wp-content\/uploads\/2019\/04\/Espana-Portugal_PT_FUND_RGB-300x102.jpg\" alt=\"\" width=\"300\" height=\"102\" srcset=\"https:\/\/ilg.usc.gal\/palega\/wp-content\/uploads\/2019\/04\/Espana-Portugal_PT_FUND_RGB-300x102.jpg 300w, https:\/\/ilg.usc.gal\/palega\/wp-content\/uploads\/2019\/04\/Espana-Portugal_PT_FUND_RGB-768x262.jpg 768w, https:\/\/ilg.usc.gal\/palega\/wp-content\/uploads\/2019\/04\/Espana-Portugal_PT_FUND_RGB-1024x349.jpg 1024w\" sizes=\"auto, (max-width: 300px) 100vw, 300px\" \/>\u00a0\u00a0\u00a0 <\/a><a href=\"https:\/\/ilg.usc.gal\/palega\/wp-content\/uploads\/2019\/04\/Logo_GEOARPAD_bo.png\"><img loading=\"lazy\" decoding=\"async\" class=\"size-full wp-image-661 alignleft\" src=\"https:\/\/ilg.usc.gal\/palega\/wp-content\/uploads\/2019\/04\/Logo_GEOARPAD_bo.png\" alt=\"\" width=\"174\" height=\"66\" \/><\/a><\/p>\n<p><a href=\"https:\/\/ilg.usc.gal\/palega\/wp-content\/uploads\/2022\/08\/ccefpu-positivo.png\"><img loading=\"lazy\" decoding=\"async\" class=\"alignnone wp-image-846 size-medium\" src=\"https:\/\/ilg.usc.gal\/palega\/wp-content\/uploads\/2022\/08\/ccefpu-positivo-300x37.png\" alt=\"\" width=\"300\" height=\"37\" srcset=\"https:\/\/ilg.usc.gal\/palega\/wp-content\/uploads\/2022\/08\/ccefpu-positivo-300x37.png 300w, https:\/\/ilg.usc.gal\/palega\/wp-content\/uploads\/2022\/08\/ccefpu-positivo-1024x125.png 1024w, https:\/\/ilg.usc.gal\/palega\/wp-content\/uploads\/2022\/08\/ccefpu-positivo-768x94.png 768w, https:\/\/ilg.usc.gal\/palega\/wp-content\/uploads\/2022\/08\/ccefpu-positivo-1536x187.png 1536w, https:\/\/ilg.usc.gal\/palega\/wp-content\/uploads\/2022\/08\/ccefpu-positivo-2048x250.png 2048w\" sizes=\"auto, (max-width: 300px) 100vw, 300px\" \/><\/a> \u00a0 \u00a0 \u00a0 \u00a0\u00a0 <a href=\"https:\/\/ilg.usc.gal\/palega\/wp-content\/uploads\/2019\/04\/Logo_ILG.png\"><img loading=\"lazy\" decoding=\"async\" class=\"alignnone wp-image-663 size-full\" src=\"https:\/\/ilg.usc.gal\/palega\/wp-content\/uploads\/2019\/04\/Logo_ILG.png\" alt=\"\" width=\"247\" height=\"53\" \/><\/a><\/p>\n","protected":false},"excerpt":{"rendered":"<p>O programa Lingua, patrimonio e co\u00f1ecemento tradicional \u00e9 unha acci\u00f3n do plan Proxecta, promovido pola Conseller\u00eda de Cultura, Educaci\u00f3n e Ordenaci\u00f3n Universitaria da Xunta de Galicia. Ese programa est\u00e1 integrado no proxecto GEOARPAD, enmarcado no programa operativo EP-INTERREG V A Espa\u00f1a-Portugal (POCTEP). Este proxecto transfronteirizo ten como finalidade fundamental o co\u00f1ecemento e valorizaci\u00f3n do patrimonio &hellip; <\/p>\n<p class=\"link-more\"><a href=\"https:\/\/ilg.usc.gal\/palega\/\" class=\"more-link\">Continuar lendo<span class=\"screen-reader-text\"> &#8220;&#8221;<\/span><\/a><\/p>\n","protected":false},"author":1,"featured_media":0,"parent":0,"menu_order":0,"comment_status":"open","ping_status":"open","template":"","meta":{"footnotes":""},"class_list":["post-2","page","type-page","status-publish","hentry"],"_links":{"self":[{"href":"https:\/\/ilg.usc.gal\/palega\/index.php?rest_route=\/wp\/v2\/pages\/2","targetHints":{"allow":["GET"]}}],"collection":[{"href":"https:\/\/ilg.usc.gal\/palega\/index.php?rest_route=\/wp\/v2\/pages"}],"about":[{"href":"https:\/\/ilg.usc.gal\/palega\/index.php?rest_route=\/wp\/v2\/types\/page"}],"author":[{"embeddable":true,"href":"https:\/\/ilg.usc.gal\/palega\/index.php?rest_route=\/wp\/v2\/users\/1"}],"replies":[{"embeddable":true,"href":"https:\/\/ilg.usc.gal\/palega\/index.php?rest_route=%2Fwp%2Fv2%2Fcomments&post=2"}],"version-history":[{"count":20,"href":"https:\/\/ilg.usc.gal\/palega\/index.php?rest_route=\/wp\/v2\/pages\/2\/revisions"}],"predecessor-version":[{"id":849,"href":"https:\/\/ilg.usc.gal\/palega\/index.php?rest_route=\/wp\/v2\/pages\/2\/revisions\/849"}],"wp:attachment":[{"href":"https:\/\/ilg.usc.gal\/palega\/index.php?rest_route=%2Fwp%2Fv2%2Fmedia&parent=2"}],"curies":[{"name":"wp","href":"https:\/\/api.w.org\/{rel}","templated":true}]}}