{"id":41,"date":"2017-11-30T18:51:50","date_gmt":"2017-11-30T17:51:50","guid":{"rendered":"http:\/\/172.24.96.12\/PaLeGa\/?page_id=41"},"modified":"2026-02-05T01:53:33","modified_gmt":"2026-02-05T00:53:33","slug":"acceso","status":"publish","type":"page","link":"https:\/\/ilg.usc.gal\/palega\/?page_id=41","title":{"rendered":"Env\u00edo dos datos"},"content":{"rendered":"<p style=\"text-align: justify;\">A informaci\u00f3n recadada no traballo de campo e organizada nas follas de c\u00e1lculo, xunto \u00e1s\u00a0imaxes (fotograf\u00edas, debuxos&#8230;) obtidas ou utilizadas durante a enquisa para cada unha das preguntas, debe enviarse por correo electr\u00f3nico a Marta Negro (<strong>marta.negro@usc.gal<\/strong>) con copia \u00e1 secretar\u00eda do Instituto da Lingua Galega (<strong>ilgsec@usc.gal<\/strong>).<\/p>\n","protected":false},"excerpt":{"rendered":"<p>A informaci\u00f3n recadada no traballo de campo e organizada nas follas de c\u00e1lculo, xunto \u00e1s\u00a0imaxes (fotograf\u00edas, debuxos&#8230;) obtidas ou utilizadas durante a enquisa para cada unha das preguntas, debe enviarse por correo electr\u00f3nico a Marta Negro (marta.negro@usc.gal) con copia \u00e1 secretar\u00eda do Instituto da Lingua Galega (ilgsec@usc.gal).<\/p>\n","protected":false},"author":1,"featured_media":0,"parent":0,"menu_order":0,"comment_status":"closed","ping_status":"closed","template":"","meta":{"footnotes":""},"class_list":["post-41","page","type-page","status-publish","hentry"],"_links":{"self":[{"href":"https:\/\/ilg.usc.gal\/palega\/index.php?rest_route=\/wp\/v2\/pages\/41","targetHints":{"allow":["GET"]}}],"collection":[{"href":"https:\/\/ilg.usc.gal\/palega\/index.php?rest_route=\/wp\/v2\/pages"}],"about":[{"href":"https:\/\/ilg.usc.gal\/palega\/index.php?rest_route=\/wp\/v2\/types\/page"}],"author":[{"embeddable":true,"href":"https:\/\/ilg.usc.gal\/palega\/index.php?rest_route=\/wp\/v2\/users\/1"}],"replies":[{"embeddable":true,"href":"https:\/\/ilg.usc.gal\/palega\/index.php?rest_route=%2Fwp%2Fv2%2Fcomments&post=41"}],"version-history":[{"count":25,"href":"https:\/\/ilg.usc.gal\/palega\/index.php?rest_route=\/wp\/v2\/pages\/41\/revisions"}],"predecessor-version":[{"id":959,"href":"https:\/\/ilg.usc.gal\/palega\/index.php?rest_route=\/wp\/v2\/pages\/41\/revisions\/959"}],"wp:attachment":[{"href":"https:\/\/ilg.usc.gal\/palega\/index.php?rest_route=%2Fwp%2Fv2%2Fmedia&parent=41"}],"curies":[{"name":"wp","href":"https:\/\/api.w.org\/{rel}","templated":true}]}}